r of 1991223 and 54?
27
Calculate the highest common divisor of 19944 and 1531256.
2216
Calculate the highest common factor of 348 and 600.
12
What is the greatest common factor of 2536866 and 109?
109
Calculate the highest common divisor of 345 and 985.
5
What is the greatest common divisor of 18 and 137691?
9
Calculate the highest common factor of 651 and 73129.
217
What is the highest common divisor of 12190 and 5470?
10
Calculate the greatest common divisor of 49234 and 10038.
478
Calculate the greatest common factor of 13 and 46033.
13
What is the highest common factor of 84155 and 195?
5
What is the greatest common factor of 3168 and 540?
36
Calculate the greatest common divisor of 377 and 375115.
377
Calculate the greatest common divisor of 10574 and 9641.
311
What is the greatest common factor of 4715 and 845?
5
Calculate the greatest common divisor of 333 and 580419.
333
Calculate the highest common factor of 4256224 and 1568.
224
What is the greatest common divisor of 462 and 322?
14
What is the highest common factor of 756229 and 201?
67
Calculate the highest common divisor of 8 and 122036.
4
What is the greatest common divisor of 1479 and 1764447?
1479
What is the highest common factor of 504 and 2744?
56
What is the highest common divisor of 264 and 120000?
24
Calculate the highest common divisor of 464 and 402462.
58
Calculate the greatest common divisor of 1128 and 50619.
141
Calculate the greatest common divisor of 38475 and 13623.
57
Calculate the greatest common factor of 18088 and 19228.
76
Calculate the greatest common divisor of 72 and 271179.
9
What is the greatest common factor of 2484 and 6900?
276
What is the highest common factor of 166745 and 5?
5
What is the greatest common divisor of 418 and 516249?
19
Calculate the highest common divisor of 191510 and 1210.
110
What is the greatest common divisor of 4240 and 2560?
80
Calculate the greatest common factor of 2107 and 539.
49
What is the highest common factor of 225 and 22563?
9
Calculate the greatest common divisor of 78 and 1383213.
39
What is the greatest common divisor of 8839849 and 1009?
1009
What is the greatest common factor of 1465401 and 5208?
651
What is the highest common factor of 30 and 7545?
15
What is the greatest common factor of 456 and 749816?
152
What is the greatest common divisor of 570714 and 876?
438
Calculate the highest common factor of 188325 and 25.
25
What is the greatest common factor of 20780 and 30?
10
What is the greatest common factor of 21338303 and 7?
7
Calculate the greatest common factor of 408 and 22389.
51
Calculate the greatest common factor of 424 and 54400.
8
Calculate the highest common factor of 1075 and 115.
5
Calculate the highest common divisor of 2875 and 184.
23
Calculate the highest common factor of 216 and 5880.
24
What is the greatest common factor of 9 and 941979?
3
What is the greatest common divisor of 945 and 5625?
45
What is the highest common factor of 1628 and 349052?
44
Calculate the highest common factor of 3614 and 52.
26
What is the highest common factor of 35 and 5534935?
35
Calculate the greatest common divisor of 676 and 1859.
169
What is the highest common factor of 4525 and 109505?
905
Calculate the highest common divisor of 45014 and 5072.
634
Calculate the highest common divisor of 5773 and 7781.
251
Calculate the greatest common factor of 3542 and 190256.
506
Calculate the greatest common factor of 7140 and 15330.
210
Calculate the highest common factor of 8 and 121068.
4
Calculate the greatest common factor of 2230 and 190.
10
What is the highest common factor of 323 and 86431?
19
What is the highest common factor of 2438204 and 116?
116
What is the greatest common factor of 690 and 13752?
6
Calculate the highest common divisor of 32 and 2896.
16
Calculate the highest common factor of 1118516 and 10836.
1204
Calculate the greatest common divisor of 40 and 1670.
10
Calculate the highest common factor of 54 and 246060.
18
What is the highest common divisor of 18 and 270567?
9
Calculate the greatest common divisor of 86628 and 24.
12
Calculate the greatest common factor of 472 and 29188.
4
What is the greatest common factor of 227402 and 1036?
518
Calculate the greatest common factor of 17574046 and 98.
98
Calculate the highest common factor of 15694 and 11977.
413
What is the greatest common factor of 1635 and 89?
1
What is the highest common divisor of 65590 and 20?
10
What is the highest common divisor of 180 and 14440?
20
Calculate the greatest common divisor of 25345 and 740.
185
Calculate the highest common divisor of 24 and 186708.
12
What is the highest common divisor of 6 and 735789?
3
Calculate the greatest common factor of 158376 and 312.
24
Calculate the greatest common divisor of 180455 and 7480.
935
Calculate the greatest common divisor of 70357 and 1587.
529
Calculate the highest common divisor of 38147 and 629.
37
What is the highest common divisor of 29928 and 406?
58
Calculate the greatest common factor of 2400 and 906720.
480
What is the greatest common divisor of 3535820 and 60?
20
Calculate the greatest common factor of 130 and 7345.
65
What is the highest common factor of 115090 and 30?
10
Calculate the highest common factor of 404 and 68882.
202
Calculate the highest common divisor of 29 and 681906.
29
What is the greatest common divisor of 350610 and 975?
195
Calculate the greatest common divisor of 61025 and 1300.
25
Calculate the highest common divisor of 372982 and 86.
86
Calculate the highest common divisor of 3294 and 2187.
27
Calculate the greatest common divisor of 60 and 173220.
60
What is the greatest common factor of 52 and 2140?
4
What is the greatest common factor of 578 and 197744?
34
What is the greatest common divisor of 541590 and 210?
210
What is the highest common factor of 870790 and 620?
310
What is the highest common factor of 32 and 575896?
8
Calculate the greatest common divisor of 51425 and 101915.
935
What is the highest common divisor of 1221 and 27639?
111
What is the greatest common divisor of 4305 and 2337?
123
What is the greatest common divisor of 5952 and 48?
48
Calculate the highest common factor of 4686 and 56298.
66
Calculate the highest common divisor of 6960 and 14094.
174
What is the greatest common factor of 7447 and 271477?
677
What is the greatest common divisor of 98 and 70084?
14
Calculate the greatest common factor of 188 and 1976491.
47
What is the highest common divisor of 6673245 and 15?
15
Calculate the highest common factor of 176 and 1002496.
176
What is the highest common factor of 5628 and 15276?
804
Calculate the greatest common factor of 166068 and 28.
28
Calculate the highest common factor of 266 and 25574.
38
Calculate the greatest common factor of 291587 and 303.
101
What is the highest common divisor of 550 and 456225?
275
Calculate the highest common divisor of 234500 and 56.
28
What is the greatest common factor of 1312 and 2337?
41
Calculate the greatest common divisor of 74 and 55463.
37
What is the greatest common divisor of 5586 and 7182?
798
What is the greatest common divisor of 2490 and 420?
30
What is the greatest common factor of 216 and 213768?
72
What is the greatest common divisor of 11884 and 44?
4
Calculate the greatest common divisor of 125464 and 24.
8
Calculate the highest common factor of 9449 and 164928.
859
What is the highest common factor of 36585 and 225?
45
Calculate the highest common factor of 9252 and 3312.
36
Calculate the greatest common divisor of 127 and 69723.
127
What is the greatest common divisor of 245 and 7165?
5
Calculate the highest common factor of 160643 and 2968.
371
What is the greatest common factor of 5824056 and 168?
168
Calculate the greatest common factor of 3447 and 4419.
9
What is the highest common factor of 1284 and 21293?
107
What is the highest common divisor of 20511 and 31005?
477
What is the greatest common factor of 465164 and 17612?
1036
What is the highest common factor of 13095 and 3201?
291
Calculate the greatest common factor of 30172 and 760.
76
What is the highest common divisor of 148970 and 70?
10
Calculate the greatest common divisor of 520 and 32030.
10
Calculate the greatest common divisor of 9 and 423.
9
What is the highest common divisor of